 is the highest common divisor of v and g?
13
Suppose 8*x - 5*x = -9. Let q be 47 - (-5)/(-5)*x. What is the highest common divisor of q and 5?
5
Suppose 5*t + z = 614, 5*t - 2*t + 3*z - 366 = 0. Suppose 2*g - 41 = g. What is the highest common divisor of t and g?
41
Let p be (10 + 24/84)/((-1)/(-7)). What is the highest common factor of 600 and p?
24
Suppose 3*h = -2*y + y + 289, 2*h - 198 = -2*y. Calculate the highest common divisor of h and 20.
5
Suppose -8*r - 254 = -894. Calculate the greatest common factor of 5 and r.
5
Suppose 3*c + 2*v = 2*c - 4, -4*c = 4*v + 4. Suppose -c*j + j = -26. Let k = -12 + 25. What is the greatest common divisor of j and k?
13
Let l(h) = 115*h - 232*h + 114*h + 39. Let k be l(8). What is the highest common factor of k and 12?
3
Let x(s) = 110*s + 332. Let m be x(-3). What is the greatest common factor of 64 and m?
2
Suppose -5*r = -r + 72. Let k = -3 - r. Let x be 70/(-1 - (-20)/12). What is the highest common divisor of x and k?
15
Let n = 22 + -17. Suppose -4 = 2*j, -n*k = -3*j + 12 - 123. Calculate the greatest common divisor of 147 and k.
21
Suppose -p = -f + 2, -p + 10 = 7*f - 2*f. Suppose -f*c = -c - 21. What is the highest common factor of c and 42?
21
Let f(i) = -6*i + 28. Let k be f(-13). Calculate the greatest common divisor of 53 and k.
53
Let c = -343 - -403. Let d be 92 + -4 + (-6)/(-3). What is the highest common factor of d and c?
30
Let p(d) = d + 12. Let x be p(-9). Suppose 5*i = -10, -x*i = 2*u - 33 + 1. Suppose -u - 21 = -4*g. What is the highest common factor of g and 50?
10
Let b(a) = -21*a - 1. Let r be b(-1). Suppose 0 = -3*z + 60. What is the highest common factor of r and z?
20
Let f be 146/6 + (-2)/6. Let y = -11 + f. Suppose 121 = 5*q + 3*h, -10*h = -3*q - 12*h + 72. Calculate the greatest common divisor of q and y.
13
Suppose w - 9 = -2*w. Let q be w/6 - 54/(-4). Calculate the greatest common divisor of 35 and q.
7
Let z(u) = u**2 + 8*u + 14. Let w be z(-6). Let r be (-69)/(-18) + w/12. What is the highest common divisor of 8 and r?
4
Suppose 3*z - 2*p - 1153 = 0, 4*p + p - 5 = 0. What is the greatest common divisor of 539 and z?
77
Let b(j) = -j**3 - 5*j**2 - 3*j + 6. Let c be b(-5). Suppose -5*g + 525 = -0*g. Let d be g/(-6)*4/(-5). What is the highest common factor of c and d?
7
Suppose -39 = -2*h - 31. Suppose -13 = -5*s + 12. Suppose s*q - 2*w - 512 = 0, -h*q + 463 = 4*w + 31. Calculate the highest common divisor of q and 13.
13
Let a be (-1674)/18*(-2)/(-3). Let y = a - -194. Calculate the greatest common divisor of y and 12.
12
Suppose -2*u - 193 = 125. Let c = u - -229. What is the greatest common factor of c and 10?
10
Suppose -3*h = 2*h - 10. Let x = 1 + h. Suppose 4*k - 16 = 0, -2*m + 20 - 8 = 2*k. Calculate the highest common divisor of m and x.
1
Let v(j) = 2*j**3 + 11*j**2 + 5*j + 3. Let i be v(-5). Suppose -172 = -0*k - k - 3*o, 5*o = -i*k + 500. Calculate the highest common divisor of k and 32.
32
Suppose -3*x = 3*q + 2*q - 49, 5*x - 2*q = 92. Let k(w) = 5*w + 90. Let d be k(-9). What is the highest common factor of d and x?
9
Suppose 0 = 2*h - 6*h + 12. Suppose -2*w + 3 = 2*u - h, 2*w - 27 = 5*u. What is the greatest common divisor of 15 and w?
3
Suppose -3*m + 197 = -2*w - 38, w + 2 = 0. Let p(a) = a**3 + 5*a**2 - a + 2. Let l be p(-5). Calculate the highest common factor of l and m.
7
Let t be 1/((-5)/(-30)) + -3. Let k be 1 + t - (544/4)/(-2). What is the greatest common factor of 8 and k?
8
Suppose -7 = 2*q + 1, 3*q + 1082 = 5*s. Suppose 3*w - s + 172 = 0. Suppose -2*u = u - 105. What is the greatest common divisor of w and u?
7
Let n be (146/6)/((-5)/(-60)). Suppose -214 - n = -2*t. Let u = -78 - -101. What is the greatest common divisor of u and t?
23
Suppose -h - 2*q = -0*q - 844, -4*q + 2538 = 3*h. Calculate the highest common factor of 34 and h.
34
Suppose 2*q = -11 - 9. Let g = 27 + -49. Let w = q - g. Calculate the greatest common divisor of w and 84.
12
Suppose 12*i = 2*i + 480. Calculate the greatest common factor of i and 192.
48
Let a be 0/(1*(-8)/4). Let q be a + (1 + 0 - 1). Suppose q = 2*g - g - 32. What is the highest common factor of 48 and g?
16
Let z be 24/84 + (-40)/(-7). Let s(f) = f**3 - f**2 + 5*f - 2. Let m be s(z). What is the highest common divisor of 16 and m?
16
Let x = 20 - 16. Let h be x/(-14) + 1 + (-69)/(-21). What is the greatest common factor of 20 and h?
4
Let s(t) = 11 + 27 - 3*t + 4*t + 8. Let l be s(5). What is the greatest common factor of 17 and l?
17
Let s be (-12)/10*(-40)/(-12). Let m(l) = -l**2 - 9*l - 5. Let d be m(s). Suppose -54*y = -4037 - 2443. What is the highest common divisor of y and d?
15
Let k be 1/4*(1 - -11). Suppose -5*s = k*x - 453, 2*s - 4*s + x + 179 = 0. Calculate the greatest common divisor of 36 and s.
18
Let p(t) = -t**3 - 8*t**2 - 2*t - 2. Let g be p(-8). Let j = g - 10. Suppose 33 = z + m, m - 6*m = 2*z - 57. Calculate the greatest common factor of j and z.
4
Let y(b) = -b**2 + 16*b + 4. Let j be y(19). Let l = -47 - j. What is the highest common factor of 48 and l?
6
Let c(s) = -62 + 22 + s**2 - 6*s + 18 + 18. Let i(x) = 2*x**3 - x**2 - x - 2. Let l be i(2). Let f be c(l). What is the greatest common factor of f and 60?
12
Suppose -11*w - 5*w = -2704. What is the greatest common divisor of 13 and w?
13
Let q = 2713 - 1234. Calculate the greatest common factor of q and 51.
51
Let v be (9 - 5)*(75 + -1). Suppose 99 = -r - l + 251, 0 = -2*r - 4*l + v. What is the highest common factor of 12 and r?
12
Let c(t) = 3*t**3 - 9*t**2 + 16*t - 15. Let z be c(5). Calculate the greatest common divisor of z and 86.
43
Let l(a) = a**2 - 8*a - 3. Let u be l(3). Let c be (-464)/u + 1/((-27)/(-6)). Let o = -13 + 26. Calculate the highest common divisor of o and c.
13
Let a = 129 - 46. Let o = -57 + a. What is the greatest common divisor of o and 65?
13
Suppose 0*c = -c + 6. Let k = 8 + c. What is the greatest common divisor of k and 14?
14
Let i = -6 - -8. Suppose i*k = 4*k - 38. Let g = 29 - k. Calculate the highest common divisor of g and 70.
10
Suppose 2*y - 39 = 5*h, -3*y + 5*h = -31 - 20. Suppose 0 = 2*z + q - 7, 3*q + 8 + 7 = 0. Suppose -y = -z*k + 5*k. What is the greatest common factor of k and 8?
4
Suppose -5*y + 372 = -468. Suppose -13*z + 22*z - 1323 = 0. Suppose 0 = -0*o + 7*o - z. What is the highest common factor of y and o?
21
Suppose -3*i + 16 = -6*y + 8*y, -3*y = -5*i + 52. Calculate the highest common factor of i and 56.
8
Suppose 3*c - 4*c - 4 = 0. Let j(h) = -13*h - 34. Let l be j(c). What is the highest common divisor of 24 and l?
6
Let x(a) = 35*a + 3. Let s be x(7). What is the greatest common divisor of s and 31?
31
Suppose 3*k = 1 + 5. Let g be (-14)/21 - (-15)/9. Let t be 9 - g/(4/16). What is the greatest common factor of k and t?
1
Let i(y) = -y**3 - 6*y**2 + 9*y + 4. Let m be i(-7). Let s be ((-36)/30)/((-3)/m)*-4. Suppose t + 22 = 134. Calculate the greatest common divisor of t and s.
16
Let v(d) = -6*d + 29. Let x(q) = -5*q + 29. Let l(f) = -4*v(f) + 5*x(f). Let p be l(18). What is the greatest common factor of p and 44?
11
Let f = -1283 + 1803. What is the highest common factor of 80 and f?
40
Let r = 3 + 12. Let z(i) = -i**3 + 5*i**2 + 13*i - 5. Let l be z(5). What is the greatest common divisor of l and r?
15
Suppose -n + 10 = -8. Let q(i) be the first derivative of 32*i**3/3 - 2*i + 2. Let u be q(-2). What is the greatest common factor of n and u?
18
Suppose -52*b + 3*p = -57*b + 141, 5*p = -4*b + 105. Calculate the highest common divisor of b and 63.
3
Suppose -6*x - 3*n = -7*x + 39, 5*x + n = 227. Calculate the greatest common factor of x and 855.
45
Let y(g) = -g**3 + 39*g**2 - 33*g - 155. Let t be y(38). Calculate the greatest common divisor of t and 20.
5
Let n be (322/28 - 13)*(-28)/6. Let b be (-626)/(-6) - 8/(-12). Calculate the highest common factor of b and n.
7
Let w be (-20)/(0 - (-6)/(-60)). Calculate the highest common factor of 24 and w.
8
Suppose -4*v + 74 = -4*o + 278, 5*o - 295 = -5*v. What is the greatest common divisor of o and 11?
11
Let m = -76 + 74. Let p be (7/m)/(1 + (-77)/76). What is the highest common divisor of 14 and p?
14
Let h = -3410 - -3432. Suppose -3*u - 73 = 5*s - 282, 5*s - 3*u - 191 = 0. Suppose 4 + s = 4*b. What is the highest common 